 6
3
What is 3 (base 16) in base 11?
3
-2001 (base 3) to base 11
-50
Convert -3 (base 9) to base 11.
-3
What is 2110 (base 3) in base 6?
150
What is -110 (base 3) in base 15?
-c
What is 2c (base 13) in base 3?
1102
What is 11 (base 11) in base 15?
c
2111 (base 4) to base 9
175
-3e (base 16) to base 6
-142
-11100 (base 2) to base 15
-1d
-11 (base 14) to base 12
-13
Convert b0 (base 15) to base 9.
203
What is -23 (base 15) in base 13?
-27
Convert 24 (base 6) to base 16.
10
143 (base 5) to base 9
53
Convert 1a (base 13) to base 8.
27
-31 (base 6) to base 15
-14
What is 1012 (base 3) in base 5?
112
What is -56 (base 12) in base 6?
-150
Convert -2 (base 4) to base 11.
-2
Convert 0 (base 9) to base 2.
0
7d (base 14) to base 12
93
-a (base 16) to base 7
-13
What is -4 (base 6) in base 4?
-10
-13 (base 15) to base 16
-12
-11 (base 4) to base 15
-5
0 (base 8) to base 6
0
2 (base 11) to base 9
2
What is 1 (base 16) in base 7?
1
-16 (base 7) to base 9
-14
-21 (base 9) to base 7
-25
3 (base 9) to base 11
3
What is -3 (base 7) in base 11?
-3
14 (base 10) to base 15
e
Convert 13 (base 6) to base 4.
21
27 (base 10) to base 7
36
Convert 28 (base 15) to base 14.
2a
Convert -24 (base 11) to base 10.
-26
Convert 77 (base 11) to base 8.
124
What is -142 (base 10) in base 12?
-ba
13 (base 11) to base 14
10
Convert -2 (base 15) to base 4.
-2
What is 220 (base 4) in base 2?
101000
2 (base 11) to base 10
2
What is -2 (base 14) in base 10?
-2
What is 560 (base 7) in base 11?
241
113 (base 5) to base 16
21
What is 6 (base 7) in base 4?
12
Convert -16 (base 15) to base 7.
-30
What is 2 (base 3) in base 8?
2
17 (base 10) to base 13
14
What is -14 (base 8) in base 3?
-110
-1201 (base 4) to base 15
-67
Convert 0 (base 14) to base 2.
0
-10 (base 3) to base 9
-3
Convert -1 (base 12) to base 14.
-1
Convert 100 (base 3) to base 11.
9
17 (base 12) to base 6
31
Convert -4 (base 10) to base 3.
-11
1 (base 7) to base 13
1
Convert 2 (base 12) to base 14.
2
1 (base 12) to base 16
1
Convert 220 (base 3) to base 9.
26
1011 (base 2) to base 15
b
Convert 2 (base 16) to base 10.
2
Convert 0 (base 4) to base 10.
0
Convert 35 (base 6) to base 3.
212
What is 6 (base 12) in base 14?
6
Convert -17 (base 16) to base 14.
-19
What is -1232 (base 4) in base 10?
-110
What is 100 (base 2) in base 13?
4
Convert 299 (base 11) to base 12.
252
What is 103 (base 15) in base 7?
444
Convert -82 (base 12) to base 11.
-8a
What is 33 (base 7) in base 10?
24
Convert -10 (base 5) to base 12.
-5
Convert 6 (base 15) to base 6.
10
-35 (base 6) to base 3
-212
-1 (base 4) to base 14
-1
Convert 11 (base 2) to base 3.
10
What is -33 (base 9) in base 15?
-20
61 (base 10) to base 8
75
Convert 5 (base 11) to base 6.
5
What is 48 (base 11) in base 2?
110100
What is 1 (base 4) in base 8?
1
-4 (base 7) to base 13
-4
1304 (base 5) to base 8
314
Convert 2111 (base 4) to base 9.
175
20 (base 7) to base 14
10
What is 0 (base 11) in base 15?
0
4 (base 8) to base 3
11
Convert 1010 (base 2) to base 11.
a
What is 106 (base 10) in base 14?
78
Convert -200 (base 3) to base 5.
-33
bb (base 14) to base 8
245
-36 (base 14) to base 7
-66
12 (base 13) to base 5
30
135 (base 6) to base 3
2012
-330 (base 7) to base 6
-440
Convert 16 (base 15) to base 2.
10101
-a5 (base 11) to base 9
-137
1 (base 10) to base 12
1
-2 (base 10) to base 9
-2
21 (base 3) to base 4
13
-b8 (base 12) to base 16
-8c
-8 (base 9) to base 6
-12
-100 (base 2) to base 15
-4
What is -6 (base 14) in base 7?
-6
20 (base 3) to base 2
110
What is 1 (base 6) in base 12?
1
Convert 22 (base 3) to base 6.
12
What is 38 (base 13) in base 14?
35
28 (base 11) to base 9
33
What is 101 (base 6) in base 15?
27
14 (base 8) to base 15
c
Convert 3 (base 7) to base 10.
3
What is 4 (base 5) in base 16?
4
341 (base 8) to base 4
3201
Convert -11 (base 14) to base 9.
-16
What is -42 (base 6) in base 2?
-11010
Convert 0 (base 4) to base 11.
0
-11 (base 16) to base 3
-122
What is -130 (base 5) in base 8?
-50
2 (base 7) to base 8
2
-3 (base 4) to base 13
-3
What is -431 (base 8) in base 16?
-119
What is 3 (base 10) in base 14?
3
-22 (base 4) to base 9
-11
-13 (base 11) to base 16
-e
c (base 15) to base 13
c
What is -4 (base 8) in base 5?
-4
What is 0 (base 15) in base 5?
0
Convert 0 (base 3) to base 12.
0
What is 33 (base 7) in base 13?
1b
Convert 1d (base 14) to base 10.
27
What is -b (base 16) in base 8?
-13
What is -43 (base 10) in base 5?
-133
-13 (base 9) to base 8
-14
Convert -12 (base 5) to base 3.
-21
Convert 32 (base 13) to base 15.
2b
Convert 11 (base 2) to base 15.
3
Convert -16 (base 7) to base 5.
-23
What is 11 (base 2) in base 4?
3
What is 6 (base 13) in base 16?
6
a1 (base 12) to base 9
144
-302 (base 6) to base 12
-92
What is -111 (base 4) in base 5?
-41
What is -95 (base 11) in base 15?
-6e
-30 (base 16) to base 11
-44
What is d (base 14) in base 3?
111
What is -44 (base 7) in base 3?
-1012
-2 (base 7) to base 14
-2
-95 (base 13) to base 2
-1111010
Convert 200 (base 6) to base 9.
80
What is 6 (base 7) in base 9?
6
-9a (base 12) to base 3
-11101
What is 202 (base 6) in base 5?
244
-30 (base 7) to base 3
-210
What is 0 (base 16) in base 2?
0
31 (base 5) to base 7
22
What is -242 (base 6) in base 15?
-68
0 (base 9) to base 3
0
What is -8 (base 11) in base 9?
-8
-1d (base 15) to base 5
-103
Convert -1c (base 13) to base 14.
-1b
What is 159 (base 10) in base 12?
113
Convert -10 (base 4) to base 16.
-4
9 (base 11) to base 7
12
What is 27 (base 9) in base 5?
100
What is 201 (base 4) in base 7?
45
68 (base 12) to base 2
1010000
Convert 5 (base 12) to base 11.
5
What is 17 (base 12) in base 16?
13
Convert -43 (base 5) to base 6.
-35
Convert 105 (base 9) to base 16.
56
Convert 232 (base 5) to base 4.
1003
111111 (base 2) to base 7
120
What is 3 (base 8) in base 13?
3
-11 (base 10) to base 3
-102
What is -10 (base 10) in base 16?
-a
Convert -11 (base 13) to base 2.
-1110
0 (base 10) to base 16
0
-21 (base 13) to base 16
-1b
What is 3 (base 11) in base 7?
3
Convert -b3 (base 14) to base 10.
-157
What is 112 (base 5) in base 10?
32
What is 1 (base 3) in base 4?
1
Convert -18 (base 9) to base 7.
-23
-104 (base 5) to base 2
-11101
Convert -52 (base 6) to base 5.
-112
3 (base 14) to base 5
3
What is -1 (base 2) in base 7?
-1
-3 (base 15) to base 12
-3
-2 (base 16) to base 4
-2
What is 256 (base 10) in base 9?
314
What is -2 (base 15) in base 16?
-2
1 (base 8) to base 13
1
100110 (base 2) to base 15
28
What is -34 (base 11) in base 6?
-101
Convert 8 (base 13) to base 5.
13
5 (base 15) to base 10
5
Convert 24 (base 12) to base 11.
26
4 (base 8) to base 6
4
What is -1021 (base 3) in base 11?
-31
What is 3 (base 16) in base 2?
11
What is -1 (base 14) in base 5?
-1
What is 100000011 (base 2) in base 11?
216
Convert -86 (base 12) to base 2.
-1100110
24 (base 8) to base 3
202
Convert -22 (base 7) to base 9.
-17
Convert -11 (base 2) to base 15.
-3
7 (base 16) to base 13
7
-10 (base 6) to base 15
-6
-4c (base 15) to base 8
-110
Convert -232 (base 4) to base 13.
-37
-34 (base 8) to base 6
-44
Convert -4 (base 6) to base 14.
-4
What is 2 (base 14) in base 10?
2
Convert 10 (base 6) to base 5.
11
Convert -12 (base 5) to base 8.
-7
-12 (base 10) to base 5
-22
-2 (base 15) to base 12
-2
Convert -1 (base 6) to base 5.
-1
What is ac (base 15) in base 14?
b8
Convert 210 (base 3) to base 14.
17
What is -a (base 12) in base 16?
-a
What is -1 (base 11) in base 8?
-1
Convert 17d (base 14) to base 12.
217
-114 (base 6) to base 5
-141
What is 211 (base 4) in base 15?
27
What is 112 (base 5) in base 6?
52
4 (base 7) to base 2
100
Convert -3 (base 4) to base 11.
-3
-1 (base 2) to base 14
-1
What is 100 (base 2) in base 11?
4
What is -411 (base 6) in base 16?
-97
Convert -8 (base 11) to base 7.
-11
Convert 1 (base 15) to base 6.
1
What is -2 (base 4) in base 11?
-2
5 (base 6) to base 7
5
Convert -113 (base 8) to base 11.
-69
3 (base 5) to base 8
3
-3 (base 6) to base 13
-3
Convert -243 (base 10) to base 4.
-3303
What is 121 (base 9) in base 16?
64
What is -1000001 (base 2) in base 12?
-55
What is -2a (base 16) in base 3?
-1120
-3 (base 12) to base 2
-11
What is 200 (base 10) in base 3?
21102
Convert 224 (base 7) to base 11.
a6
Convert 12 (base 6) to base 14.
8
What is 1 (base 13) in base 11?
1
13 (base 4) to base 7
